{"id":2174,"date":"2013-04-24T18:16:56","date_gmt":"2013-04-24T17:16:56","guid":{"rendered":"http:\/\/www.inskriptionen.de\/?page_id=2174"},"modified":"2024-12-01T17:56:07","modified_gmt":"2024-12-01T16:56:07","slug":"subskription","status":"publish","type":"page","link":"https:\/\/inskriptionen.de\/?page_id=2174","title":{"rendered":"Subskription"},"content":{"rendered":"<p>trifft <em>INSKRIPTIONEN<\/em><\/p>\n<p><em>Die Subskription ist <\/em><em>ein Vor-Verkaufsverfahren im Buchhandel, in der klassischen Musik, im Aktiengesch\u00e4ft, im Softwarevertrieb und im Weinhandel. Der Begriff ist aus dem Lateinischen sub \u201aunter\u2018 und scribere \u201aschreiben\u2018 abgeleitet und hei\u00dft \u201aunterschreiben\u2018 oder \u201aeine Unterschrift leisten\u2018. Das Verfahren der Subskription wurde im 17. Jahrhundert auf dem deutschen Buchmarkt eingef\u00fchrt, um den Druck von seltenen, anspruchsvollen Werken zu erm\u00f6glichen, die vermutlich aufgrund ihres Inhalts oder ihrer k\u00fcnstlerischen Gestaltung &#8222;nur&#8220; eine ausgew\u00e4hlte Leserschar ansprechen.<\/em><\/p>\n<p><em>H\u00e4ufig wurden in dieser Zeit die bekanntesten Subskribenten oder Pr\u00e4numeranten mit Name, Beruf, Wohnort u.a. auf einer Liste im Titelbogen des Werkes genannt. Diese gedruckten Subskribenten-Pr\u00e4numeranten-Listen sind wegen ihrer Personalangaben wertvolle Quellen f\u00fcr die Literatur-Geschichte und Literatur-Soziologie. Am bekanntesten ist Friedrich Klopstocks (1724\u20131803) Gelehrtenrepublik und seine gro\u00dfe Subskribenten-Werbung.<\/em><\/p>\n<p><em>Werden auch Sie Subskribent oder Pr\u00e4numerant! Bestellen Sie bereits jetzt die neuen, noch nicht gedruckten Hefte zum Vorzugspreis mit 25% Rabatt vor. Nutzen Sie dazu die <a href=\"https:\/\/l-lv.de\/neu\/product_info.php?info=p221_inskriptionen---abo.html\" target=\"_blank\" rel=\"noopener\">Gelegenheit zur Subskription<\/a>.<br \/>\n<\/em><\/p>\n<p>In loser Folge erscheinen die <em>INSKRIPTIONEN<\/em> in gedruckter Form: ausgew\u00e4hlte Texte, in limitierter Auflage. Diese Tradition wollen wir gern fortsetzen. Was auf Papier gedruckt ist, geht beim Serverabsturz nicht verloren und \u00fcberlebt alle k\u00fcnftigen Software-Updates. Dank des Heftes erreichen die <em>INSKRIPTIONEN<\/em> auch die Leser, die nicht gerne am Bildschirm lesen oder das Internet meiden.<\/p>\n<p>Schreiben Sie uns eine <a href=\"mailto: post@l-lv.de\">eMail,<\/a> wenn Sie als F\u00f6rderer in die Subskribenten-Liste aufgenommen werden m\u00f6chten.<\/p>\n<p>Gerne k\u00f6nnen Sie auch Freunde oder Verwandte zur Subskription einladen, um die aktuelle Druck-Ausgabe der <em>INSKRIPTIONEN<\/em> zum Vorzugspreis vorzubestellen.<\/p>\n<p>Nutzen Sie dazu unser <a href=\"https:\/\/l-lv.de\/neu\/product_info.php?info=p221_inskriptionen---abo.html\" target=\"_blank\" rel=\"noopener\">Bestellformular auf der Verlagsseite<\/a>. Als Begr\u00fc\u00dfungsgeschenk erhalten Sie bereits erschienene Ausgaben der <em>INSKRIPTIONEN.<\/em><\/p>\n","protected":false},"excerpt":{"rendered":"<p>trifft INSKRIPTIONEN Die Subskription ist ein Vor-Verkaufsverfahren im Buchhandel, in der klassischen Musik, im Aktiengesch\u00e4ft, im Softwarevertrieb und im Weinhandel. Der Begriff ist aus dem Lateinischen sub \u201aunter\u2018 und scribere \u201aschreiben\u2018 abgeleitet und hei\u00dft \u201aunterschreiben\u2018 oder \u201aeine Unterschrift leisten\u2018. Das Verfahren der Subskription wurde im 17. Jahrhundert auf dem deutschen Buchmarkt eingef\u00fchrt, um den Druck&#8230;<\/p>\n","protected":false},"author":1,"featured_media":0,"parent":0,"menu_order":2,"comment_status":"open","ping_status":"closed","template":"","meta":{"advanced_seo_description":"","jetpack_seo_html_title":"","jetpack_seo_noindex":false,"jetpack_post_was_ever_published":false,"footnotes":""},"class_list":["post-2174","page","type-page","status-publish","hentry"],"jetpack_sharing_enabled":true,"jetpack-related-posts":[{"id":12,"url":"https:\/\/inskriptionen.de\/?page_id=12","url_meta":{"origin":2174,"position":0},"title":"Teilnahmebedingungen","author":"Inskriptionen-Hausmeister","date":"4. Mai 2007","format":false,"excerpt":"\"Was man sp\u00fcrt, wenn man ein Gedicht liest, sind die Bewegungen des Gem\u00fcts. Nicht nur das Gem\u00fct des Dichters und nicht nur das eigene, sondern beide im Gedicht vermischt, als w\u00e4re das Gedicht das Neutrum des Gen\u00fcts.\" (Inger Christensen, Der Geheimniszustand)Die INSKRIPTIONEN verstehen sich als offene literarische Anthologie. Um Dich\u2026","rel":"","context":"In &quot;Realit\u00e4tsschatten&quot;","block_context":{"text":"Realit\u00e4tsschatten","link":"https:\/\/inskriptionen.de\/?cat=4"},"img":{"alt_text":"","src":"","width":0,"height":0},"classes":[]},{"id":10232,"url":"https:\/\/inskriptionen.de\/?page_id=10232","url_meta":{"origin":2174,"position":1},"title":"Datenschutz","author":"Inskriptionen-Hausmeister","date":"23. Mai 2018","format":false,"excerpt":"Datenschutzerkl\u00e4rung Benennung der verantwortlichen Stelle Die verantwortliche Stelle f\u00fcr die Datenverarbeitung auf dieser Website ist: Leipziger Literaturverlag Brockhausstr. 56 04229 Leipzig Die verantwortliche Stelle entscheidet allein oder gemeinsam mit anderen \u00fcber die Zwecke und Mittel der Verarbeitung von personenbezogenen Daten (z.B. Namen, Kontaktdaten o. \u00c4.). Widerruf Ihrer Einwilligung zur Datenverarbeitung\u2026","rel":"","context":"\u00c4hnlicher Beitrag","block_context":{"text":"\u00c4hnlicher Beitrag","link":""},"img":{"alt_text":"","src":"","width":0,"height":0},"classes":[]}],"jetpack_shortlink":"https:\/\/wp.me\/PcYSN4-z4","_links":{"self":[{"href":"https:\/\/inskriptionen.de\/index.php?rest_route=\/wp\/v2\/pages\/2174","targetHints":{"allow":["GET"]}}],"collection":[{"href":"https:\/\/inskriptionen.de\/index.php?rest_route=\/wp\/v2\/pages"}],"about":[{"href":"https:\/\/inskriptionen.de\/index.php?rest_route=\/wp\/v2\/types\/page"}],"author":[{"embeddable":true,"href":"https:\/\/inskriptionen.de\/index.php?rest_route=\/wp\/v2\/users\/1"}],"replies":[{"embeddable":true,"href":"https:\/\/inskriptionen.de\/index.php?rest_route=%2Fwp%2Fv2%2Fcomments&post=2174"}],"version-history":[{"count":7,"href":"https:\/\/inskriptionen.de\/index.php?rest_route=\/wp\/v2\/pages\/2174\/revisions"}],"predecessor-version":[{"id":16918,"href":"https:\/\/inskriptionen.de\/index.php?rest_route=\/wp\/v2\/pages\/2174\/revisions\/16918"}],"wp:attachment":[{"href":"https:\/\/inskriptionen.de\/index.php?rest_route=%2Fwp%2Fv2%2Fmedia&parent=2174"}],"curies":[{"name":"wp","href":"https:\/\/api.w.org\/{rel}","templated":true}]}}